{"id":3215,"date":"2022-10-06T08:15:30","date_gmt":"2022-10-06T08:15:30","guid":{"rendered":"https:\/\/thecityescaperoom.com\/wpele\/?page_id=3215"},"modified":"2025-06-25T21:30:59","modified_gmt":"2025-06-25T21:30:59","slug":"academia-de-cocina-megachef","status":"publish","type":"page","link":"https:\/\/thecityescaperoom.com\/barcelona\/academia-de-cocina-megachef\/","title":{"rendered":"Academia de cocina"},"content":{"rendered":"<section class=\"l-section wpb_row us_custom_f791410b has_text_color height_large with_img\" id=\"herobanner\"><div class=\"l-section-img\" style=\"background-image: url(https:\/\/thecityescaperoom.com\/barcelona\/wp-content\/uploads\/2022\/10\/FONDO_masterchef.jpg);\" data-img-width=\"2000\" data-img-height=\"1348\"><\/div><div class=\"l-section-h i-cf\"><div class=\"g-cols vc_row via_flex valign_middle type_default\"><div class=\"vc_col-sm-12 wpb_column vc_column_container\"><div class=\"vc_column-inner us_custom_bfc0abad\"><div class=\"wpb_wrapper\"><div class=\"w-image us_custom_c254ce97 img-ini align_center\"><div class=\"w-image-h\"><img width=\"348\" height=\"341\" src=\"https:\/\/thecityescaperoom.com\/barcelona\/wp-content\/uploads\/2022\/10\/LOGO-MEGACHEF.png\" class=\"attachment-full size-full\" alt=\"The City Escape Room Barcelona\" decoding=\"async\" loading=\"lazy\" srcset=\"https:\/\/thecityescaperoom.com\/barcelona\/wp-content\/uploads\/2022\/10\/LOGO-MEGACHEF.png 348w, https:\/\/thecityescaperoom.com\/barcelona\/wp-content\/uploads\/2022\/10\/LOGO-MEGACHEF-300x294.png 300w, https:\/\/thecityescaperoom.com\/barcelona\/wp-content\/uploads\/2022\/10\/LOGO-MEGACHEF-230x225.png 230w\" sizes=\"(max-width: 348px) 100vw, 348px\" \/><\/div><\/div>[vc_custom_heading text=\u00bbACADEMIA DE COCINA: MEGACHEF\u00bb font_container=\u00bbtag:h1|text_align:center\u00bb use_theme_fonts=\u00bbyes\u00bb css=\u00bb%7B%22default%22%3A%7B%22font-weight%22%3A%22700%22%2C%22font-size%22%3A%2236px%22%2C%22margin-bottom%22%3A%226px%22%2C%22padding-bottom%22%3A%220%22%7D%2C%22tablets%22%3A%7B%22font-weight%22%3A%22800%22%2C%22font-size%22%3A%223rem%22%7D%2C%22mobiles%22%3A%7B%22color%22%3A%22%23ffffff%22%2C%22font-weight%22%3A%22800%22%2C%22font-size%22%3A%223rem%22%7D%7D\u00bb]<div class=\"wpb_text_column us_custom_4a335424 has_text_color\"><div class=\"wpb_wrapper\"><p style=\"text-align: center; font-size: 21px; margin-top: 0;\">\u00a1Vuestro tiempo en las cocinas comienza YA!<\/p>\n<\/div><\/div><div class=\"g-cols wpb_row via_flex valign_top type_default\"><div class=\"vc_col-sm-6 vc_col-xs-6 wpb_column vc_column_container\"><div class=\"vc_column-inner\"><div class=\"wpb_wrapper\"><div class=\"w-btn-wrapper align_right\"><a class=\"w-btn us-btn-style_1 us_custom_f0c8cafb has_text_color\" title=\"Bono regalo\" href=\"https:\/\/thecityescaperoom.com\/barcelona\/bono-regalo\/\"><span class=\"w-btn-label\">REGALAR<\/span><\/a><\/div><\/div><\/div><\/div><div class=\"vc_col-sm-6 vc_col-xs-6 wpb_column vc_column_container\"><div class=\"vc_column-inner\"><div class=\"wpb_wrapper\"><div class=\"w-btn-wrapper align_none\"><a class=\"w-btn us-btn-style_1 us_custom_f0c8cafb has_text_color\" title=\"Reserva Academia de cocina\" href=\"https:\/\/thecityescaperoom.com\/barcelona\/reserva-academia-de-cocina-megachef\/\"><span class=\"w-btn-label\">RESERVAR<\/span><\/a><\/div><\/div><\/div><\/div><\/div><\/div><\/div><\/div><\/div><\/div><\/section><section class=\"l-section wpb_row us_custom_5fd62819 icoico has_text_color height_small\"><div class=\"l-section-h i-cf\"><div class=\"g-cols vc_row via_flex valign_top type_default\"><div class=\"vc_col-sm-4 vc_col-xs-4 wpb_column vc_column_container\"><div class=\"vc_column-inner\"><div class=\"wpb_wrapper\"><div class=\"w-iconbox iconpos_top style_default color_custom align_center no_text\"><div class=\"w-iconbox-icon\" style=\"font-size:45px;color:#ffffff;\"><i class=\"far fa-users\"><\/i><\/div><div class=\"w-iconbox-meta\"><h4 class=\"w-iconbox-title\" style=\"font-size:1.2rem;\">4-16 Jugadores<\/h4><\/div><\/div><\/div><\/div><\/div><div class=\"vc_col-sm-4 vc_col-xs-4 wpb_column vc_column_container\"><div class=\"vc_column-inner\"><div class=\"wpb_wrapper\"><div class=\"w-iconbox iconpos_top style_default color_custom align_center no_text\"><div class=\"w-iconbox-icon\" style=\"font-size:45px;color:#ffffff;\"><i class=\"far fa-alarm-clock\"><\/i><\/div><div class=\"w-iconbox-meta\"><h4 class=\"w-iconbox-title\" style=\"font-size:1.2rem;\">Tiempo 75 min.<\/h4><\/div><\/div><\/div><\/div><\/div><div class=\"vc_col-sm-4 vc_col-xs-4 wpb_column vc_column_container\"><div class=\"vc_column-inner\"><div class=\"wpb_wrapper\"><div class=\"w-iconbox iconpos_top style_default color_custom align_center no_text\"><div class=\"w-iconbox-icon\" style=\"font-size:45px;color:#ffffff;\"><i class=\"far fa-chart-bar\"><\/i><\/div><div class=\"w-iconbox-meta\"><h4 class=\"w-iconbox-title\" style=\"font-size:1.2rem;\">Dificultad Media\/Alta<\/h4><\/div><\/div><\/div><\/div><\/div><\/div><\/div><\/section><section class=\"l-section wpb_row height_medium\"><div class=\"l-section-h i-cf\"><div class=\"g-cols vc_row via_flex valign_top type_default\"><div class=\"vc_col-sm-12 wpb_column vc_column_container\"><div class=\"vc_column-inner\"><div class=\"wpb_wrapper\"><div class=\"g-cols wpb_row via_flex valign_top type_default\"><div class=\"vc_col-sm-3\/5 wpb_column vc_column_container\"><div class=\"vc_column-inner\"><div class=\"wpb_wrapper\"><div class=\"wpb_text_column us_custom_4a335424 has_text_color\"><div class=\"wpb_wrapper\"><p style=\"text-align: center; font-size: 21px; margin-top: 0;\">\u00a1Bienvenidos a nuestra Academia de Cocina: Megachef!<\/p>\n<\/div><\/div><div class=\"wpb_text_column us_custom_8f97baf3\"><div class=\"wpb_wrapper\"><p><span style=\"font-weight: 400;\">The City Escape Room Barcelona cuenta con una Academia de Cocina, que prepara a los mejores chefs para servir al tirano Neil Parker y sus seguidores. En la academia, tras meses de pr\u00e1ctica, el curso termina con un concurso en el que los aspirantes a chef tienen 75 minutos para elaborar 3 platos: un primero, un segundo y un postre. Deben encontrar las recetas e ingredientes, emplatar y presentar sus creaciones frente al implacable jurado de esta Academia de Cocina: Megachef.<\/span><\/p>\n<p><span style=\"font-weight: 400;\">En esta prueba por equipos, los mejores aspirantes a chefs de la City competir\u00e1n con grupos de hasta 16 personas, divididos en grupos de 2 a 4, repartidos en hasta 4 mesas de cocina. Los aspirantes tendr\u00e1n que \u201ccocinar\u201d de forma organizada para lograr sacar todos los platos a tiempo. Solo el equipo mejor valorado, es decir, que m\u00e1s ingredientes consiga de las recetas originales, se salvar\u00e1 de la eliminaci\u00f3n.<\/span><\/p>\n<p><span style=\"font-weight: 400;\">El punto de la competici\u00f3n, la ambientaci\u00f3n y el pique entre todos, har\u00e1 que no par\u00e9is en ning\u00fan momento.<\/span><\/p>\n<p><em>*No rejugable si has realizado MegaChef<\/em><\/p>\n<p><i><span style=\"font-weight: 400;\">**Tened en cuenta que es un juego en formato escape room. Es por ello que no se cocina ni se utilizan ingredientes reales<\/span><\/i><\/p>\n<\/div><\/div><div class=\"w-btn-wrapper align_none\"><a class=\"w-btn us-btn-style_1 us_custom_45a58b74\" title=\"Reserva Academia de cocina\" href=\"https:\/\/thecityescaperoom.com\/barcelona\/reserva-academia-de-cocina-megachef\/\"><span class=\"w-btn-label\">RESERVAR<\/span><\/a><\/div><\/div><\/div><\/div><div class=\"vc_col-sm-2\/5 wpb_column vc_column_container\"><div class=\"vc_column-inner\"><div class=\"wpb_wrapper\"><div class=\"w-image align_center\"><div class=\"w-image-h\"><img width=\"600\" height=\"580\" src=\"https:\/\/thecityescaperoom.com\/barcelona\/wp-content\/uploads\/2022\/10\/masterchef-grid.jpg\" class=\"attachment-full size-full\" alt=\"Academia de cocina megachef - The City Escape Room Barcelona\" decoding=\"async\" loading=\"lazy\" srcset=\"https:\/\/thecityescaperoom.com\/barcelona\/wp-content\/uploads\/2022\/10\/masterchef-grid.jpg 600w, https:\/\/thecityescaperoom.com\/barcelona\/wp-content\/uploads\/2022\/10\/masterchef-grid-300x290.jpg 300w, https:\/\/thecityescaperoom.com\/barcelona\/wp-content\/uploads\/2022\/10\/masterchef-grid-230x222.jpg 230w\" sizes=\"(max-width: 600px) 100vw, 600px\" \/><\/div><\/div><\/div><\/div><\/div><\/div><\/div><\/div><\/div><\/div><\/div><\/section><section class=\"l-section wpb_row us_custom_11582849 has_text_color height_medium\"><div class=\"l-section-h i-cf\"><div class=\"g-cols vc_row via_flex valign_top type_default\"><div class=\"vc_col-sm-12 wpb_column vc_column_container\"><div class=\"vc_column-inner\"><div class=\"wpb_wrapper\"><div class=\"wpb_text_column\"><div class=\"wpb_wrapper\"><h2 style=\"text-align: center;\"><strong>Mensaje de la Resistencia:<\/strong><\/h2>\n<p style=\"text-align: center;\">Neil Parker es muy celoso con su c\u00edrculo m\u00e1s cercano, y cuida hasta el m\u00e1s m\u00ednimo detalle. Su paranoia es tal, que dispone de un equipo de cocina propio que se encarga de preparar todas las comidas del tirano. Conseguid acceder a la Academia de Cocina y ganar el concurso para as\u00ed pasar a formar parte del primer c\u00edrculo de confianza del tirano. Una vez ah\u00ed, esperad instrucciones: desde dentro, \u00a1podremos derrotar a Parker!<\/p>\n<\/div><\/div><div class=\"w-btn-wrapper align_none\"><a class=\"w-btn us-btn-style_1 us_custom_45a58b74\" title=\"Reserva Academia de cocina\" href=\"https:\/\/thecityescaperoom.com\/barcelona\/reserva-academia-de-cocina-megachef\/\"><span class=\"w-btn-label\">SI EST\u00c1S PREPARADO HAZ CLICK<\/span><\/a><\/div><\/div><\/div><\/div><\/div><\/div><\/section><section class=\"l-section wpb_row us_custom_f79f9eb1 height_medium\"><div class=\"l-section-h i-cf\"><div class=\"g-cols vc_row via_flex valign_middle type_default\"><div class=\"vc_col-sm-6 wpb_column vc_column_container\"><div class=\"vc_column-inner\"><div class=\"wpb_wrapper\"><div class=\"w-image us_custom_b34c6c83 imgprice align_none\"><div class=\"w-image-h\"><img width=\"1024\" height=\"1024\" src=\"https:\/\/thecityescaperoom.com\/barcelona\/wp-content\/uploads\/2025\/06\/precios-megachef-1024x1024.png\" class=\"attachment-large size-large\" alt=\"\" decoding=\"async\" loading=\"lazy\" srcset=\"https:\/\/thecityescaperoom.com\/barcelona\/wp-content\/uploads\/2025\/06\/precios-megachef-1024x1024.png 1024w, https:\/\/thecityescaperoom.com\/barcelona\/wp-content\/uploads\/2025\/06\/precios-megachef-300x300.png 300w, https:\/\/thecityescaperoom.com\/barcelona\/wp-content\/uploads\/2025\/06\/precios-megachef-150x150.png 150w, https:\/\/thecityescaperoom.com\/barcelona\/wp-content\/uploads\/2025\/06\/precios-megachef-230x230.png 230w, https:\/\/thecityescaperoom.com\/barcelona\/wp-content\/uploads\/2025\/06\/precios-megachef.png 1050w\" sizes=\"(max-width: 1024px) 100vw, 1024px\" \/><\/div><\/div><\/div><\/div><\/div><div class=\"vc_col-sm-6 wpb_column vc_column_container\"><div class=\"vc_column-inner\"><div class=\"wpb_wrapper\"><div class=\"wpb_text_column\"><div class=\"wpb_wrapper\"><h3>\u00a1Tambi\u00e9n para grupos grandes!<\/h3>\n<p>La Academia de Cocina es una experiencia escape room algo distinta a una sala convencional. Un juego dise\u00f1ado tambi\u00e9n para grupos grandes, en el que pueden jugar de 4 a 16 personas.<\/p>\n<p>El formato de este juego es tipo batalla (battle escape), es decir que os dividieremos en varios equipos en funci\u00f3n del tama\u00f1o del grupo, compitiendo unos contra otros.<\/p>\n<p>Este tipo de eventos son perfectos para trabajar el team building de empresas y realizar todo tipo de <a href=\"https:\/\/thecityescaperoom.com\/barcelona\/celebraciones\/\">celebraciones<\/a>. Adem\u00e1s, disponemos de una sala polivalente para la organizaci\u00f3n de cumplea\u00f1os, teambuildings o todo tipo de fiestas para combinar con nuestros juegos. En este <a href=\"https:\/\/thecityescaperoom.com\/barcelona\/celebraciones\/\">link<\/a> pod\u00e9is ver toda la informaci\u00f3n.<\/p>\n<p>No perd\u00e1is la oportunidad para poner a prueba el trabajo en equipo. \u00a1A los fogones!<\/p>\n<\/div><\/div><\/div><\/div><\/div><\/div><\/div><\/section><section class=\"l-section wpb_row height_medium\"><div class=\"l-section-overlay\" style=\"background:#bb2eef\"><\/div><div class=\"l-section-h i-cf\"><div class=\"g-cols vc_row via_flex valign_middle type_default\"><div class=\"vc_col-sm-2 wpb_column vc_column_container\"><div class=\"vc_column-inner\"><div class=\"wpb_wrapper\"><\/div><\/div><\/div><div class=\"vc_col-sm-8 wpb_column vc_column_container\"><div class=\"vc_column-inner\"><div class=\"wpb_wrapper\">[vc_custom_heading text=\u00bbInscr\u00edbete a nuestra newsletter<br \/>\ny no te pierdas nada\u00bb font_container=\u00bbtag:h3|text_align:center\u00bb use_theme_fonts=\u00bbyes\u00bb css=\u00bb%7B%22default%22%3A%7B%22font-weight%22%3A%22700%22%2C%22font-size%22%3A%223rem%22%7D%2C%22tablets%22%3A%7B%22font-weight%22%3A%22700%22%2C%22font-size%22%3A%223rem%22%7D%2C%22mobiles%22%3A%7B%22font-weight%22%3A%22700%22%2C%22font-size%22%3A%222.1rem%22%7D%7D\u00bb]<div class=\"wpb_text_column inlines\"><div class=\"wpb_wrapper\"><div role=\"form\" class=\"wpcf7\" id=\"wpcf7-f302-o1\" lang=\"es-ES\" dir=\"ltr\">\n<div class=\"screen-reader-response\"><p role=\"status\" aria-live=\"polite\" aria-atomic=\"true\"><\/p> <ul><\/ul><\/div>\n<form action=\"\/barcelona\/wp-json\/wp\/v2\/pages\/3215#wpcf7-f302-o1\" method=\"post\" class=\"wpcf7-form init\" novalidate=\"novalidate\" data-status=\"init\">\n<div style=\"display: none;\">\n<input type=\"hidden\" name=\"_wpcf7\" value=\"302\" \/>\n<input type=\"hidden\" name=\"_wpcf7_version\" value=\"5.6\" \/>\n<input type=\"hidden\" name=\"_wpcf7_locale\" value=\"es_ES\" \/>\n<input type=\"hidden\" name=\"_wpcf7_unit_tag\" value=\"wpcf7-f302-o1\" \/>\n<input type=\"hidden\" name=\"_wpcf7_container_post\" value=\"0\" \/>\n<input type=\"hidden\" name=\"_wpcf7_posted_data_hash\" value=\"\" \/>\n<\/div>\n<p><span class=\"wpcf7-form-control-wrap\" data-name=\"your-email\"><input type=\"email\" name=\"your-email\" value=\"\" size=\"40\" class=\"wpcf7-form-control wpcf7-text wpcf7-email wpcf7-validates-as-required wpcf7-validates-as-email\" aria-required=\"true\" aria-invalid=\"false\" placeholder=\"Correo electr\u00f3nico\" \/><\/span><input type=\"submit\" value=\"Enviar\" class=\"wpcf7-form-control has-spinner wpcf7-submit w-btn us-btn-style_3\" \/><\/p>\n<input type='hidden' class='wpcf7-pum' value='{\"closepopup\":false,\"closedelay\":0,\"openpopup\":false,\"openpopup_id\":0}' \/><div class=\"wpcf7-response-output\" aria-hidden=\"true\"><\/div><\/form><\/div>\n<\/div><\/div><\/div><\/div><\/div><div class=\"vc_col-sm-2 wpb_column vc_column_container\"><div class=\"vc_column-inner\"><div class=\"wpb_wrapper\"><\/div><\/div><\/div><\/div><\/div><\/section>\n","protected":false},"excerpt":{"rendered":"[vc_custom_heading text=\"ACADEMIA DE COCINA: MEGACHEF\" font_container=\"tag:h1|text_align:center\" use_theme_fonts=\"yes\" css=\"%7B%22default%22%3A%7B%22font-weight%22%3A%22700%22%2C%22font-size%22%3A%2236px%22%2C%22margin-bottom%22%3A%226px%22%2C%22padding-bottom%22%3A%220%22%7D%2C%22tablets%22%3A%7B%22font-weight%22%3A%22800%22%2C%22font-size%22%3A%223rem%22%7D%2C%22mobiles%22%3A%7B%22color%22%3A%22%23ffffff%22%2C%22font-weight%22%3A%22800%22%2C%22font-size%22%3A%223rem%22%7D%7D\"]\u00a1Vuestro tiempo en las cocinas comienza YA! REGALARRESERVAR4-16 JugadoresTiempo 75 min.Dificultad Media\/Alta\u00a1Bienvenidos a nuestra Academia de Cocina: Megachef! The City Escape Room Barcelona cuenta con una Academia de Cocina, que prepara a los mejores chefs para servir al tirano Neil Parker y sus seguidores. En la academia, tras...","protected":false},"author":1,"featured_media":3503,"parent":0,"menu_order":0,"comment_status":"closed","ping_status":"closed","template":"","meta":[],"yoast_head":"<!-- This site is optimized with the Yoast SEO plugin v19.1 - https:\/\/yoast.com\/wordpress\/plugins\/seo\/ -->\n<title>Academia de Cocina Megachef - The City Escape Room<\/title>\n<meta name=\"description\" content=\"Los aspirantes a chef tienen 60 minutos para elaborar 3 platos y presentarlos frente al implacable jurado de la Academia de Cocina: MegaChef.\" \/>\n<meta name=\"robots\" content=\"index, follow, max-snippet:-1, max-image-preview:large, max-video-preview:-1\" \/>\n<link rel=\"canonical\" href=\"https:\/\/thecityescaperoom.com\/barcelona\/academia-de-cocina-megachef\/\" \/>\n<meta property=\"og:locale\" content=\"es_ES\" \/>\n<meta property=\"og:type\" content=\"article\" \/>\n<meta property=\"og:title\" content=\"Academia de Cocina Megachef - The City Escape Room\" \/>\n<meta property=\"og:description\" content=\"Los aspirantes a chef tienen 60 minutos para elaborar 3 platos y presentarlos frente al implacable jurado de la Academia de Cocina: MegaChef.\" \/>\n<meta property=\"og:url\" content=\"https:\/\/thecityescaperoom.com\/barcelona\/academia-de-cocina-megachef\/\" \/>\n<meta property=\"og:site_name\" content=\"The City Escape Room\" \/>\n<meta property=\"article:publisher\" content=\"https:\/\/fb.me\/elementsescaperoom\" \/>\n<meta property=\"article:modified_time\" content=\"2025-06-25T21:30:59+00:00\" \/>\n<meta property=\"og:image\" content=\"https:\/\/thecityescaperoom.com\/barcelona\/wp-content\/uploads\/2023\/06\/megachef-imagen.jpg\" \/>\n\t<meta property=\"og:image:width\" content=\"1627\" \/>\n\t<meta property=\"og:image:height\" content=\"852\" \/>\n\t<meta property=\"og:image:type\" content=\"image\/jpeg\" \/>\n<meta name=\"twitter:card\" content=\"summary_large_image\" \/>\n<meta name=\"twitter:image\" content=\"https:\/\/thecityescaperoom.com\/barcelona\/wp-content\/uploads\/2023\/06\/megachef-imagen.jpg\" \/>\n<meta name=\"twitter:site\" content=\"@elementsescape\" \/>\n<meta name=\"twitter:label1\" content=\"Tiempo de lectura\" \/>\n\t<meta name=\"twitter:data1\" content=\"3 minutos\" \/>\n<script type=\"application\/ld+json\" class=\"yoast-schema-graph\">{\"@context\":\"https:\/\/schema.org\",\"@graph\":[{\"@type\":\"WebSite\",\"@id\":\"https:\/\/thecityescaperoom.com\/barcelona\/#website\",\"url\":\"https:\/\/thecityescaperoom.com\/barcelona\/\",\"name\":\"The City Escape Room\",\"description\":\"The City Escape Room\",\"potentialAction\":[{\"@type\":\"SearchAction\",\"target\":{\"@type\":\"EntryPoint\",\"urlTemplate\":\"https:\/\/thecityescaperoom.com\/barcelona\/?s={search_term_string}\"},\"query-input\":\"required name=search_term_string\"}],\"inLanguage\":\"es\"},{\"@type\":\"ImageObject\",\"inLanguage\":\"es\",\"@id\":\"https:\/\/thecityescaperoom.com\/barcelona\/academia-de-cocina-megachef\/#primaryimage\",\"url\":\"https:\/\/thecityescaperoom.com\/barcelona\/wp-content\/uploads\/2023\/06\/megachef-imagen.jpg\",\"contentUrl\":\"https:\/\/thecityescaperoom.com\/barcelona\/wp-content\/uploads\/2023\/06\/megachef-imagen.jpg\",\"width\":1627,\"height\":852},{\"@type\":\"WebPage\",\"@id\":\"https:\/\/thecityescaperoom.com\/barcelona\/academia-de-cocina-megachef\/#webpage\",\"url\":\"https:\/\/thecityescaperoom.com\/barcelona\/academia-de-cocina-megachef\/\",\"name\":\"Academia de Cocina Megachef - The City Escape Room\",\"isPartOf\":{\"@id\":\"https:\/\/thecityescaperoom.com\/barcelona\/#website\"},\"primaryImageOfPage\":{\"@id\":\"https:\/\/thecityescaperoom.com\/barcelona\/academia-de-cocina-megachef\/#primaryimage\"},\"datePublished\":\"2022-10-06T08:15:30+00:00\",\"dateModified\":\"2025-06-25T21:30:59+00:00\",\"description\":\"Los aspirantes a chef tienen 60 minutos para elaborar 3 platos y presentarlos frente al implacable jurado de la Academia de Cocina: MegaChef.\",\"breadcrumb\":{\"@id\":\"https:\/\/thecityescaperoom.com\/barcelona\/academia-de-cocina-megachef\/#breadcrumb\"},\"inLanguage\":\"es\",\"potentialAction\":[{\"@type\":\"ReadAction\",\"target\":[\"https:\/\/thecityescaperoom.com\/barcelona\/academia-de-cocina-megachef\/\"]}]},{\"@type\":\"BreadcrumbList\",\"@id\":\"https:\/\/thecityescaperoom.com\/barcelona\/academia-de-cocina-megachef\/#breadcrumb\",\"itemListElement\":[{\"@type\":\"ListItem\",\"position\":1,\"name\":\"Portada\",\"item\":\"https:\/\/thecityescaperoom.com\/barcelona\/\"},{\"@type\":\"ListItem\",\"position\":2,\"name\":\"Academia de cocina\"}]}]}<\/script>\n<!-- \/ Yoast SEO plugin. -->","yoast_head_json":{"title":"Academia de Cocina Megachef - The City Escape Room","description":"Los aspirantes a chef tienen 60 minutos para elaborar 3 platos y presentarlos frente al implacable jurado de la Academia de Cocina: MegaChef.","robots":{"index":"index","follow":"follow","max-snippet":"max-snippet:-1","max-image-preview":"max-image-preview:large","max-video-preview":"max-video-preview:-1"},"canonical":"https:\/\/thecityescaperoom.com\/barcelona\/academia-de-cocina-megachef\/","og_locale":"es_ES","og_type":"article","og_title":"Academia de Cocina Megachef - The City Escape Room","og_description":"Los aspirantes a chef tienen 60 minutos para elaborar 3 platos y presentarlos frente al implacable jurado de la Academia de Cocina: MegaChef.","og_url":"https:\/\/thecityescaperoom.com\/barcelona\/academia-de-cocina-megachef\/","og_site_name":"The City Escape Room","article_publisher":"https:\/\/fb.me\/elementsescaperoom","article_modified_time":"2025-06-25T21:30:59+00:00","og_image":[{"width":1627,"height":852,"url":"https:\/\/thecityescaperoom.com\/barcelona\/wp-content\/uploads\/2023\/06\/megachef-imagen.jpg","type":"image\/jpeg"}],"twitter_card":"summary_large_image","twitter_image":"https:\/\/thecityescaperoom.com\/barcelona\/wp-content\/uploads\/2023\/06\/megachef-imagen.jpg","twitter_site":"@elementsescape","twitter_misc":{"Tiempo de lectura":"3 minutos"},"schema":{"@context":"https:\/\/schema.org","@graph":[{"@type":"WebSite","@id":"https:\/\/thecityescaperoom.com\/barcelona\/#website","url":"https:\/\/thecityescaperoom.com\/barcelona\/","name":"The City Escape Room","description":"The City Escape Room","potentialAction":[{"@type":"SearchAction","target":{"@type":"EntryPoint","urlTemplate":"https:\/\/thecityescaperoom.com\/barcelona\/?s={search_term_string}"},"query-input":"required name=search_term_string"}],"inLanguage":"es"},{"@type":"ImageObject","inLanguage":"es","@id":"https:\/\/thecityescaperoom.com\/barcelona\/academia-de-cocina-megachef\/#primaryimage","url":"https:\/\/thecityescaperoom.com\/barcelona\/wp-content\/uploads\/2023\/06\/megachef-imagen.jpg","contentUrl":"https:\/\/thecityescaperoom.com\/barcelona\/wp-content\/uploads\/2023\/06\/megachef-imagen.jpg","width":1627,"height":852},{"@type":"WebPage","@id":"https:\/\/thecityescaperoom.com\/barcelona\/academia-de-cocina-megachef\/#webpage","url":"https:\/\/thecityescaperoom.com\/barcelona\/academia-de-cocina-megachef\/","name":"Academia de Cocina Megachef - The City Escape Room","isPartOf":{"@id":"https:\/\/thecityescaperoom.com\/barcelona\/#website"},"primaryImageOfPage":{"@id":"https:\/\/thecityescaperoom.com\/barcelona\/academia-de-cocina-megachef\/#primaryimage"},"datePublished":"2022-10-06T08:15:30+00:00","dateModified":"2025-06-25T21:30:59+00:00","description":"Los aspirantes a chef tienen 60 minutos para elaborar 3 platos y presentarlos frente al implacable jurado de la Academia de Cocina: MegaChef.","breadcrumb":{"@id":"https:\/\/thecityescaperoom.com\/barcelona\/academia-de-cocina-megachef\/#breadcrumb"},"inLanguage":"es","potentialAction":[{"@type":"ReadAction","target":["https:\/\/thecityescaperoom.com\/barcelona\/academia-de-cocina-megachef\/"]}]},{"@type":"BreadcrumbList","@id":"https:\/\/thecityescaperoom.com\/barcelona\/academia-de-cocina-megachef\/#breadcrumb","itemListElement":[{"@type":"ListItem","position":1,"name":"Portada","item":"https:\/\/thecityescaperoom.com\/barcelona\/"},{"@type":"ListItem","position":2,"name":"Academia de cocina"}]}]}},"_links":{"self":[{"href":"https:\/\/thecityescaperoom.com\/barcelona\/wp-json\/wp\/v2\/pages\/3215"}],"collection":[{"href":"https:\/\/thecityescaperoom.com\/barcelona\/wp-json\/wp\/v2\/pages"}],"about":[{"href":"https:\/\/thecityescaperoom.com\/barcelona\/wp-json\/wp\/v2\/types\/page"}],"author":[{"embeddable":true,"href":"https:\/\/thecityescaperoom.com\/barcelona\/wp-json\/wp\/v2\/users\/1"}],"replies":[{"embeddable":true,"href":"https:\/\/thecityescaperoom.com\/barcelona\/wp-json\/wp\/v2\/comments?post=3215"}],"version-history":[{"count":29,"href":"https:\/\/thecityescaperoom.com\/barcelona\/wp-json\/wp\/v2\/pages\/3215\/revisions"}],"predecessor-version":[{"id":3821,"href":"https:\/\/thecityescaperoom.com\/barcelona\/wp-json\/wp\/v2\/pages\/3215\/revisions\/3821"}],"wp:featuredmedia":[{"embeddable":true,"href":"https:\/\/thecityescaperoom.com\/barcelona\/wp-json\/wp\/v2\/media\/3503"}],"wp:attachment":[{"href":"https:\/\/thecityescaperoom.com\/barcelona\/wp-json\/wp\/v2\/media?parent=3215"}],"curies":[{"name":"wp","href":"https:\/\/api.w.org\/{rel}","templated":true}]}}